et y = 46 - 34. What is p(y)?
-6
Let v(q) = -q**2 - 5*q + 12. Let f = 146 + -152. Give v(f).
6
Let a = -1 + 3. Let y(b) = b - 3. Let u be y(a). Let r(g) = g - 1. What is r(u)?
-2
Let y be 7/(-1) + 5 + -2. Let a(u) = -2*u - 3. What is a(y)?
5
Let m(n) = -n**2 + 5*n + 7. Let h(x) = x**2 - 11*x + 12. Let g be h(10). Suppose g*o - w = 8, 3*o + w - 34 = -3*w. Calculate m(o).
1
Let u(p) be the first derivative of -p**3/3 + 2*p**2 + p - 9. Let z = -3 - -16. Suppose -5*f + z = -7. Calculate u(f).
1
Suppose 3*o - 2*j - 4 = 15, 5*j + 25 = 3*o. Let i(k) be the third derivative of -k**4/24 + k**3 - 14*k**2. What is i(o)?
1
Suppose 0 = -c - 2, 3*m - c - 2 = 4*m. Let o(x) be the third derivative of x**6/120 - x**3/2 - 6*x**2. What is o(m)?
-3
Let g(n) = n. Let v(k) = -6*k + 2. Let r(l) = -5*g(l) - v(l). Give r(-4).
-6
Suppose c - 7 + 4 = 0. Let h(x) = -x**2 + 5*x + 4. What is h(c)?
10
Suppose 0 = 5*u + 25, 2*u = -5*t + 4*u + 40. Let k(l) = t*l - l**2 - 6*l + l. Give k(3).
-6
Let n(w) = -2*w - 2. Let y be (2/5)/((-6)/(-60)). Suppose v + y = -0*v, -v + 2 = 3*q. Suppose -s + 3*z = q*s + 12, 4*s + z = -11. Give n(s).
4
Let o(a) = 9*a**2 + 17*a + 3. Let c(x) = -4*x**2 - 8*x - 2. Let q(w) = 7*c(w) + 3*o(w). Let d be 2/19 - 1326/323. What is q(d)?
-1
Let d(n) be the first derivative of -n**5/20 - n**4/3 - n**2 - 3*n + 2. Let p(c) be the first derivative of d(c). Give p(-4).
-2
Let g(h) be the third derivative of -h**4/12 - 2*h**3/3 + 6*h**2. Let o(d) = -2*d + 1. Let x be o(3). Give g(x).
6
Suppose -4*v + 0*v - 7 = 3*n, 5*v = 10. Let m(x) be the third derivative of -x**5/60 - 5*x**4/24 - 5*x**3/6 - 2*x**2. Calculate m(n).
-5
Let g(h) = -h + 1. Let v(q) = -4*q + 4. Let s(w) = g(w) - v(w). Give s(4).
9
Let f(t) = t**2 - 3*t - 5. Let k = -54 + 59. Calculate f(k).
5
Suppose -3*l - 3*v - 4 = 8, 4*l + 2*v = -18. Let t(z) = -z**2 - 2*z + 6. What is t(l)?
-9
Let q(o) = 11*o**2 + 2*o + 3. Let v(w) = 16*w**2 + 3*w + 4. Let s(x) = -7*q(x) + 5*v(x). Let t be ((-1)/(-2))/((-1)/(-2)). Suppose 0*c - t = -c. Determine s(c).
3
Let w(f) be the first derivative of f**6/360 - f**5/15 + f**4/24 - 2*f**3/3 - 3. Let z(h) be the third derivative of w(h). Determine z(6).
-11
Let t be 1/1 + (2 - 1). Let c(a) = -3*a**3 + 2*a - a + 3 + a - t. Determine c(-1).
2
Let j(g) be the second derivative of -g**8/3360 + g**7/840 - g**6/720 + g**5/60 - g**4/6 + 3*g. Let v(q) be the third derivative of j(q). Determine v(2).
-4
Let d(f) = f. Let h = 1 + -2. Let y be h/5 - (-123)/15. Let c = y - 13. Give d(c).
-5
Let a(u) = -4*u**2 + 7*u + 10. Let h(y) = -5*y**2 + 7*y + 11. Let q(s) = 6*a(s) - 5*h(s). Let t = 33 + -48. Let p be ((-2)/6)/((-1)/t). Give q(p).
-5
Let o(y) = -y**2 - 3*y - 5. Let l(z) = -2*z**2 - 6*z - 9. Let b(f) = -4*l(f) + 7*o(f). Let m be ((-28)/(-21))/(4/(-6)). Determine b(m).
-1
Suppose -2*j + 15 = -5*q, -q - 24 = -5*j - 2*q. Let u = 10 - j. Let i(k) be the first derivative of -k**3/3 + 3*k**2 - 6*k + 1. What is i(u)?
-1
Let p(t) = t**3 - t. Let q(b) = -14*b**3 + 2*b**2 + 3*b + 1. Let h(s) = 5*p(s) + q(s). Give h(1).
-8
Let d be 13/5 + 2/5. Suppose -d*i - i + 12 = 0. Let r(f) = -3*f + f**3 - 2*f + 2 - 3*f**2 + f**2 + 0*f. What is r(i)?
-4
Let s(o) = -o**2 + 2*o + 0*o + 0*o**2 - 1. Suppose 5 = -h - 1. Let m be h/(-18)*1*9. Calculate s(m).
-4
Suppose m + 5 = 6*m. Let l(t) = t**3 + 2*t**2 - 2*t + 1. What is l(m)?
2
Let d(a) be the second derivative of a**4/12 - 11*a**2 - 2*a + 8. Determine d(0).
-22
Suppose -l - 4 = -4*c, 1 + 19 = -2*c - 5*l. Suppose c = -2*g - 2*g + 12. Let k(q) = -1 - q + 2 - q + g*q. Calculate k(1).
2
Let y(f) = f**2 + f - 1. Suppose -16 = 6*d - 4. What is y(d)?
1
Let n(d) = -1 + 6*d**2 + 13*d - 13*d. Let i be n(-1). Let j(u) = -u**3 + 6*u**2 - 5*u. Determine j(i).
0
Suppose -c + 18 = 14. Let w(j) = -j**3 + 3*j**2 + 4. Calculate w(c).
-12
Let b = -2 - 0. Let r = b + -3. Let u(d) = d**2 - 4*d + 5. Let f(h) = 3*h**2 - 8*h + 9. Let q(v) = 2*f(v) - 5*u(v). What is q(r)?
-2
Let y(v) = -v**2 + 3*v + 3. Let k(i) = i**2 - 2 - 4*i - 2 + 9 + 11*i. Let b be k(-7). Calculate y(b).
-7
Let t(y) = 2*y**2 + 4*y + 2. Let s(n) = -5*n**2 - 12*n - 6. Let f(j) = 3*s(j) + 8*t(j). Let c(l) = -7 - l - 3*l + 2*l. Let i be c(-6). Determine f(i).
3
Let p(z) = z**2 - 10*z + 8. Let f = 99 - 91. Determine p(f).
-8
Let r(b) be the second derivative of b**5/20 + 5*b**4/12 + b**3/2 + b**2/2 + 3*b + 5. Let u = 4 + -9. Give r(u).
-14
Suppose -2*t - 35 = 9. Let x = t - -18. Let d(i) = i**3 + 3*i**2 - 3*i + 5. What is d(x)?
1
Let o(h) = -h**3 + 4*h**2 - 5*h + 4. Suppose 0 = 5*p - 4*s - 27, p + p - 2*s - 12 = 0. What is o(p)?
-2
Let w(i) = -i**2 - 1. Let g(h) = h**3 - 2*h**2 - 5*h - 6. Let q(l) = g(l) - 5*w(l). Suppose 2*d = 3*d. Suppose 0 = -d*j + j + 4. What is q(j)?
3
Suppose 0 = 2*g + t + 8, 4*t + 10 = -6. Let q be 3*(0 - g)/(-1). Let j(v) = -v**3 - 6*v**2 - v - 6. What is j(q)?
0
Let u(f) = -8*f + 1. Let r(c) = -41*c + 5. Let j(x) = 2*r(x) - 11*u(x). What is j(1)?
5
Let x = 242 + -240. Let n(v) = -6*v**3 + 4*v**2 + v**3 + 3*v**3 - 2*v. Determine n(x).
-4
Suppose 4*c - i - 13 = 0, -5*c + 3*i = -c - 23. Suppose 0 = -h - h + c. Let x(y) = -3 + 17*y + 2 - 5*y. Determine x(h).
11
Let m(q) = -q**3 + q**2 - 1. Let s(i) = -4*i**3 - 2*i**2 - 3*i. Let b(t) = 3*m(t) - s(t). What is b(-4)?
1
Suppose 8 = 4*i + 2*d, 4 = 2*i - 3*d - 0. Suppose -i*q + q - 5 = 0. Let z(j) = j**3 + 5*j**2 + 2. Give z(q).
2
Suppose 2*r - 60 = -4*f, -3*f + 60 = f + 3*r. Suppose 5*g + 3 = t + 30, -f = -5*g + 5*t. Let k(u) = -u - 3. Calculate k(g).
-9
Suppose 5*d = -3*a - 18, 0*a - 4*a + 8 = -4*d. Let x(u) be the second derivative of u + 0 - 2/3*u**3 - 3/2*u**2 - 1/12*u**4. Give x(d).
0
Let a(r) = r**3 + 4*r**2 + r + 4. Let i be a(-4). Let o = i - -4. Let b(p) = p**3 - 5*p**2 + 4*p - 3. Give b(o).
-3
Let y(f) = -f**3 - 5*f**2 + f + 3. Suppose -15 = 2*t + t. Determine y(t).
-2
Suppose 28*z = 27*z - 5. Let a(y) = -y**3 - 6*y**2 - 5*y + 2. Determine a(z).
2
Let w(j) = j**2 + 7*j + 9. Let u be (78/91)/(2/(-14)). Calculate w(u).
3
Let t = 79 + -87. Let n(h) = h**3 + 9*h**2 + 8*h - 4. Give n(t).
-4
Let m(o) = o**3 + 5*o**2 - 5*o. Suppose -7*q + 3*q - 24 = 0. Give m(q).
-6
Let d(x) be the third derivative of -x**6/120 - x**5/15 + x**4/4 + x**3/2 - x**2. What is d(-5)?
-2
Let z(r) be the first derivative of -r**4/4 + 4*r**3/3 + 7*r**2/2 - 5. Calculate z(5).
10
Let n(s) = -s**3 - 6*s**2 - s - 3. Let d be n(-6). Let t(m) = m**3 - 3*m**2 - 5*m + 2. What is t(d)?
-13
Let w = 1 - -2. Let s(u) = u**3 - 12*u**2 - u + 9. Let v be s(12). Let r = v - w. Let x(i) = -i**2 - 6*i - 6. Give x(r).
-6
Let n be 9/(-36) - 58/(-8). Let u(y) = y**2 - 4*y - 10. What is u(n)?
11
Let r(n) = 13*n**2 - 14*n - 17. Let z(a) = 8*a**2 - 7*a - 9. Let k(h) = -3*r(h) + 5*z(h). Suppose -5*t - 46 = -4*x, -2*t - 4*x = 3*t + 14. Calculate k(t).
0
Let d(p) = p**2 - 6*p + 3. Let v(h) be the second derivative of -h**5/20 - 11*h**4/12 - 11*h**3/6 - 2*h**2 - 6*h. Let m be v(-10). Determine d(m).
3
Let m be 0*((-4)/(-3) + -1). Let i(f) = f**2 + f + 3. Give i(m).
3
Let m(n) be the first derivative of -n**4/4 - 5*n**3/3 - 3*n**2/2 + n - 20. Suppose -2*v + 2 = 4*o - 6, -4*v + o = 20. Determine m(v).
-3
Let t(v) = -v + 4. Let n be t(0). Suppose -n*g - 19 = 1. Let d(r) = r**2 + 5*r + 4. What is d(g)?
4
Let i(s) = -5*s**2 + 5*s - 4. Let m(q) = -2*q**2 + 2*q - 1. Let u(g) = 3*i(g) - 8*m(g). Determine u(-3).
8
Suppose 4*r - 6*r = -6. Suppose -5*c + 6 = -r*c. Let w(l) = -l**3 + 4*l**2 + 1. Determine w(c).
10
Let k be -4 + 1 + 2 + 19. Let o(p) = 0 - 16*p + 6 + k*p. Give o(-4).
-2
Let i(d) = d**2 - 1. Let z = -40 + 40. Give i(z).
-1
Let c(x) = -x**2 - x. Let g(z) = -3*z**2 - 3*z. Let r(p) = 2*c(p) - g(p). Let o be r(-2). Let f(n) = -4*n - 5*n**o + 6 - 6 - n**3. Calculate f(-4).
0
Let r(m) = -m**2 + 6*m + 8. Let t = 4 + 3. What is r(t)?
1
Let b(n) = n + 9. Suppose -2*g - 15 = -8*a + 3*a, -5*g + 3 = a. Calculate b(g).
9
Let y be ((-26)/7 + 4)*7. Let b(v) = -5*v + 2. Give b(y).
-8
Suppose 5*c - 2*z = -5 - 10, 3*c - z + 8 = 0. Let m(j) = 7*j. Calculate m(c).
-7
Let a(r) = -r. Let k(l) = l**2 + 2*l - 3. Let c be k(-3). Suppose c = 4*s - 1 - 7, -13 = -5*g - 4*s. Suppose -6 = v - g. What is a(v)?
5
Suppose -b - b + 6 = -y, -12 = y - 4*b. Let j(t) be the first derivative of -1/2*t**2 + 2 - 5/4*t**4 + y*t +